541
In base 12, what is 29 - 8b672?
-8b645
In base 4, what is 202 - -321330011?
321330213
In base 16, what is 27b032 + 5?
27b037
In base 12, what is 5aa21779b - 3?
5aa217798
In base 3, what is -2 + -12121022102211001?
-12121022102211010
In base 14, what is -dd60 - 38c?
-1030c
In base 14, what is -65dd79 - 2?
-65dd7b
In base 9, what is 81753103 + 3?
81753106
In base 7, what is -2 + 14005620?
14005615
In base 15, what is eb73 + 2a?
eb9d
In base 9, what is -1870 - -30581?
27611
In base 4, what is -31103103 + 2330?
-31100113
In base 8, what is -6611374 + 1?
-6611373
In base 13, what is -3 + -b7459b6?
-b7459b9
In base 8, what is 60672 + -400?
60272
In base 14, what is -481ad + -49?
-48218
In base 14, what is -46 - 1013b?
-10183
In base 3, what is 212011020 + -20222?
211220021
In base 4, what is -22233 + 1232230?
1203331
In base 6, what is 1102033 + -10441?
1051152
In base 7, what is 22 - -1662065005?
1662065030
In base 15, what is -565295 + 5?
-565290
In base 12, what is 15 + -30138?
-30123
In base 5, what is 1010 + 11230032?
11231042
In base 13, what is 15 + -97ab7?
-97aa2
In base 13, what is -12 + 1803?
17c1
In base 2, what is 10 - 10001111001111110110001111100?
-10001111001111110110001111010
In base 16, what is -230 - -20ea?
1eba
In base 8, what is 5 - -445046146?
445046153
In base 15, what is c97 + -9677?
-88d0
In base 6, what is -2 - 1241340520?
-1241340522
In base 8, what is 305344 + -2575?
302547
In base 9, what is -12576 - -70718?
57132
In base 8, what is 57042620 - -5?
57042625
In base 15, what is 13772d - -6e?
13779c
In base 13, what is 30a28 + -1c4?
30834
In base 11, what is 17 + -1556743?
-1556727
In base 8, what is -637 + -1311652?
-1312511
In base 4, what is -22310120021 + -133?
-22310120220
In base 5, what is -10 - -32241344?
32241334
In base 15, what is -80328 + -70?
-80398
In base 10, what is -2445976 - 27?
-2446003
In base 16, what is 181791 - -126?
1818b7
In base 3, what is 222201200 - -112002?
1000020202
In base 12, what is -16 + -11b93b?
-11b955
In base 12, what is -110a - -30853?
2b745
In base 9, what is -2 + -25312135?
-25312137
In base 12, what is 6879a + 65b?
69239
In base 11, what is 1 - 1514421?
-1514420
In base 12, what is 4 - 26058914?
-26058910
In base 5, what is 10430440 + -1212?
10424223
In base 5, what is 0 + 1123330003?
1123330003
In base 15, what is 3693 + a5d8?
dc7b
In base 2, what is -10 - -101000100000000100011?
101000100000000100001
In base 16, what is 4 + 248c46d?
248c471
In base 6, what is -22104245 + 350?
-22103455
In base 10, what is 1174387 + 0?
1174387
In base 12, what is -2629b + -2165?
-28444
In base 2, what is 11001111011110001 + -1001101111?
11001110010000010
In base 4, what is 1220 - 30021312?
-30020032
In base 2, what is 10001 + 1001101111111101011?
1001101111111111100
In base 16, what is -6a627 - -220?
-6a407
In base 2, what is 101110101101110110100100 - 111?
101110101101110110011101
In base 16, what is 1 - 1fb99bc?
-1fb99bb
In base 9, what is 6020 + -4101?
1818
In base 11, what is 61907853 + -6?
61907848
In base 7, what is 4 + 65123353?
65123360
In base 7, what is -4 - 23045544?
-23045551
In base 12, what is 249856b9 - -7?
24985704
In base 11, what is 2 - a8a8072?
-a8a8070
In base 5, what is 12100031 - 124?
12044402
In base 12, what is -17 + -1632400?
-1632417
In base 5, what is -1400 + 224111?
222211
In base 2, what is 0 + -1010111101111101001111?
-1010111101111101001111
In base 5, what is 1441013214 - -44?
1441013313
In base 15, what is 429 - 1980?
-1556
In base 3, what is 10001002202110 - -20?
10001002202200
In base 12, what is 1ba2a17 - 26?
1ba29b1
In base 8, what is 10562734 + 45?
10563001
In base 4, what is -233211322000 - 32?
-233211322032
In base 10, what is -109 - 21135?
-21244
In base 15, what is 46a55ac - 13?
46a5599
In base 3, what is -111221121 - 2011002211?
-2200001102
In base 2, what is 111011010101 + 110010000?
1000001100101
In base 12, what is -4 + 27019b89?
27019b85
In base 12, what is -27a - 111b02?
-112180
In base 9, what is -5 + -4323588?
-4323604
In base 12, what is 4 - 137a491?
-137a489
In base 11, what is -17432 - 234?
-17666
In base 9, what is 2 - -40210272?
40210274
In base 13, what is b7 + 24764?
2484b
In base 10, what is 49750 + 4588?
54338
In base 14, what is 64aad72 + -2?
64aad70
In base 3, what is -12021 + -1120021021121?
-1120021110212
In base 4, what is 110323011113301 + -3?
110323011113232
In base 14, what is -13 + -c162b3?
-c162c6
In base 13, what is 7a2b9 - -39?
7a325
In base 14, what is cd9 + -1032?
-137
In base 8, what is 10 - -23206576?
23206606
In base 13, what is -34b3454b + -1?
-34b3454c
In base 4, what is 1333002333 - -12?
1333003011
In base 3, what is -1001220122020100 - 12?
-1001220122020112
In base 2, what is 11011101101 + -111000000100?
-11100010111
In base 6, what is 100101253 + 212?
100101505
In base 2, what is -111 + 101011101111001101001?
101011101111001100010
In base 3, what is -100000202212 + 1111212?
-22222021000
In base 10, what is -3 - 5541706?
-5541709
In base 5, what is 434300 - 200434?
233311
In base 11, what is -437949833 - -5?
-437949829
In base 16, what is -1d6dee0 - 5?
-1d6dee5
In base 12, what is -1 - 266977?
-266978
In base 15, what is -4 + 789a7d?
789a79
In base 7, what is 5 + 35036435?
35036443
In base 11, what is -1a9 + -26a75?
-27173
In base 16, what is -4 - -116d0827?
116d0823
In base 9, what is 16317057 + -55?
16317002
In base 2, what is -1001011011101 + -11010011011010?
-100011110110111
In base 15, what is -2 - -374ecde?
374ecdc
In base 2, what is -1100111111001 - -11110001000?
-1001001110001
In base 15, what is 9 + -cb206?
-cb1ec
In base 4, what is 2212303 - 2113101?
33202
In base 3, what is -1200 - -1112222002002?
1112222000102
In base 3, what is 10222022002 - -120122?
10222212201
In base 8, what is -37 + -236635?
-236674
In base 8, what is 100 + -3230654?
-3230554
In base 16, what is 2 + 1fa1817?
1fa1819
In base 15, what is 6b0b3e - c2?
6b0a6c
In base 8, what is -1 - -12611421?
12611420
In base 11, what is 62a9 + 50?
6349
In base 5, what is -11 - -340323321?
340323310
In base 5, what is 4 + 23413124313?
23413124322
In base 11, what is 2 + 20720485?
20720487
In base 6, what is -13433014 + -3424?
-13440442
In base 12, what is 15035 - -2627?
17660
In base 6, what is -34 - 15311?
-15345
In base 8, what is 64727534 + 3?
64727537
In base 2, what is -1001101011011111001110 - -1?
-1001101011011111001101
In base 16, what is 8 + 70910?
70918
In base 6, what is 125304502 + 1?
125304503
In base 11, what is 679817 + -2?
679815
In base 12, what is -11388 - 2522?
-138aa
In base 6, what is -23 + 10350512?
10350445
In base 7, what is -64 - 64134?
-64231
In base 16, what is -2 - -1df3ea?
1df3e8
In base 8, what is -16001 - 15607?
-33610
In base 5, what is -3420313001 + -3?
-3420313004
In base 11, what is -94 + 76724?
76640
In base 4, what is 2110 - 1110100210?
-1110032100
In base 7, what is -1166513051 + -6?
-1166513060
In base 3, what is -202112 - -101200021221?
101122112102
In base 8, what is 134 + 1751576?
1751732
In base 15, what is 411 - b0d4?
-abc3
In base 14, what is 22d31 - -ad?
23000
In base 11, what is -20a9225 - 4?
-20a9229
In base 5, what is -142244 - 110312?
-303111
In base 6, what is -1400425 + -43?
-1400512
In base 10, what is -18274 + 969?
-17305
In base 3, what is -121121022120022 - -110?
-121121022112212
In base 6, what is 10052504513 - -1?
10052504514
In base 3, what is -2201010 + 121?
-2200112
In base 10, what is 5 - 10214445?
-10214440
In base 12, what is -8 + -253072b?
-2530737
In base 15, what is 1 - 30eb40?
-30eb3e
In base 14, what is 9b56 + -19?
9b3b
In base 8, what is 124062 + 3204?
127266
In base 3, what is 20122210202 - -200122?
20200111101
In base 8, what is -50017 + 220?
-47577
In base 12, what is -b4 + -660ab?
-661a3
In base 13, what is 1 + -a67b20c?
-a67b20b
In base 4, what is 111221021 + 103113?
111330200
In base 15, what is -8b20 - -59b7?
-3158
In base 16, what is 3 + 1ad6da?
1ad6dd
In base 11, what is -4 - 50621699?
-506216a2
In base 14, what is -dc21 + -10?
-dc31
In base 5, what is -3112100232 + -223?
-3112101010
In base 8, what is -677 - 27743?
-30642
In base 6, what is -121 - -12402542?
12402421
In base 16, what is 17145 - -577?
176bc
In base 7, what is -626 + 242210?
241251
In base 8, what is -4 - 